Let g(o) = 3*o**2 + 4*o + 43. Let l(v) = 5*c(v) - 8*g(v). Determine l(f).
-19
Suppose -11 = 190*h - 189*h. Let u(g) = 4*g - 34. Let f(j) = 7*j - 65. Let p(l) = -6*f(l) + 11*u(l). Give p(h).
-6
Let m(y) be the third derivative of -y**4/24 + 5*y**3/6 - 14*y**2 - 3*y - 145. Let s be 1/((-2 + 0)/8). What is m(s)?
9
Let u(f) = 18*f**2 + 3*f - 4. Let y be 2755/266*4/20 - (-1)/(-14). Calculate u(y).
74
Suppose -4*w = 4*c - 7*w - 34, 2*c + 4*w + 16 = 0. Let u(x) be the second derivative of 38*x + x**2 + 5/12*x**c - 5/6*x**3 + 1/20*x**5 + 0. Give u(-6).
-4
Let r(g) = -6 + 497*g**2 - 6*g - 266*g**2 - 234*g**2. Calculate r(-3).
-15
Let n be (3 + (-11)/5)*(-60)/(-8). Suppose -3*p + 5*p = n*p. Let r(f) = -f + 4. Calculate r(p).
4
Let y(s) be the second derivative of -1/6*s**3 + 4*s + 0*s**2 + 0. Suppose d + 5*p = p + 20, -2*p = -5*d + 12. Determine y(d).
-4
Suppose k + 12 = 2*c, -32 = -5*c + 4*k - k. Suppose -c*p - 3*x = -8*p + 4, p + 2*x = 12. Let g(d) = p*d - 5*d + 4*d - 4. Calculate g(3).
5
Let w be (-2)/1*((-441)/18)/7. Let v(x) = x**2 - 9*x + 11. Calculate v(w).
-3
Let f(v) = v**3 + 8*v**2 - 3*v - 5. Let b be f(-8). Suppose 4*w - 3 = -b. Let i(r) = -61376557*r - 2 + r**2 + 5 + 61376557*r. Calculate i(w).
19
Let m(p) = -50*p - 117*p + 201*p + 169. Determine m(-5).
-1
Let j(y) = -18*y + 4. Let i be j(-1). Let z(o) = -i + 55 - 32 + 3*o. Give z(5).
16
Let q be (15 + 1660/(-120))*6. Let s(c) = c**2 - 5*c - 44. What is s(q)?
-30
Suppose 5*u + 729*r + 38 = 726*r, 3*u = 4*r + 70. Let d(q) be the second derivative of -q**4/2 + q**3/6 - q. Determine d(u).
-22
Let c(j) = -11*j**2 - 18*j**2 + 512281 + 9*j + 2*j**3 - 512288. Give c(14).
-77
Suppose -2*w = -3*a - 68, 0 = -w - 64*a + 65*a + 34. Let v(k) = -3*k**2 + 101*k + 6. Calculate v(w).
-28
Let a(t) = -4*t**3 - t**2 - 4*t + 4. Let y(c) = c**3 + 24*c**2 + 105*c - 53. Let w be y(-18). Calculate a(w).
-5
Let g be 490/140 - ((-45)/10 - -3). Let o(d) = -d**3 + 2*d**2 + 15*d - 13. Calculate o(g).
-13
Let a(u) = -u - 3. Let o(m) = 3*m**2 - 6*m + 5. Let z be o(1). Let r(c) = 27 + 0*c + c + 5*c - 20 - c**z. Let n be r(-1). What is a(n)?
-3
Let i(q) be the third derivative of q**6/120 + 7*q**5/60 - q**4/24 - 5*q**3/6 - 2*q**2. Suppose 3*k - 33 = -6*a, -2*k - 3*a - 286 = -299. Determine i(k).
2
Let l(f) = f**2 + 2. Let k(g) = 6*g**2 + 11. Let v(a) = a**2 - 14*a + 34. Let r be v(4). Let m(b) = r*k(b) + 34*l(b). What is m(2)?
-6
Let j = -15 + 20. Suppose j*y = y + 12. Let b(x) = -52*x + 5 + y + 50*x. Give b(7).
-6
Suppose 0 = -3*g + 2*l - 25, -30 = -g + 6*g - l. Let r(m) = m**3 + 4*m**2 - 7*m - 12. Give r(g).
-2
Let c = -12873 + 12899. Let i(d) = -d**3 + 26*d**2 - 8*d + 218. Calculate i(c).
10
Let a(f) be the third derivative of -f**7/1680 + f**6/90 + f**5/15 + f**3 - 5*f**2 - 8*f. Let m(r) be the third derivative of a(r). What is m(6)?
-10
Let x(m) = -m**2 + 12*m - 10. Let d(h) = h**2 - 11*h + 14. Let k(u) = 3*d(u) + 2*x(u). Calculate k(3).
4
Let x(q) = 2*q**2 - 4*q - 4. Let l(t) be the second derivative of t**4/4 - 2*t**3/3 - 5*t**2/2 - 108*t. Let c(y) = 5*l(y) - 6*x(y). Determine c(1).
6
Let m(q) = q**2 + 2*q - 4. Let o be m(-4). Let y(v) = 2 + o*v - 2*v - v + 3. Suppose 3*x + 22 = 4. Calculate y(x).
-1
Let i(b) = -b**3 - 4*b**2 + b - 3. Let h(a) = -a**2 + 42*a. Let d be h(42). Suppose d = 15*u - 19*u - 16. Give i(u).
-7
Let v(h) = -2*h - 26. Let j be v(-14). Let z(y) be the first derivative of -3*y - 11 + 1/2*y**2. What is z(j)?
-1
Let j(l) be the second derivative of -l**6/120 + l**5/15 + l**4/24 - 9*l**2 + 15*l - 2. Let t(s) be the first derivative of j(s). What is t(2)?
10
Let n be 8 - 9/3 - 2. Let m(q) = 20*q**3 + 164*q**2 - 14*q + 22. Let j(a) = -7*a**3 - 60*a**2 + 5*a - 8. Let y(h) = 11*j(h) + 4*m(h). Give y(n).
42
Let z be (-89)/(-178) - ((-476)/8)/7. Let l(x) = -31*x + 268. Calculate l(z).
-11
Let t(v) = -v**2 + 5*v. Let x be ((-12)/16)/((-8)/384). Suppose -x = -5*y - 6. Calculate t(y).
-6
Let k(d) = -3*d - 1. Let q(v) = 47*v + 76. Let i be q(-3). Let j = -71 - i. Calculate k(j).
17
Suppose 131*d + 148 = 205*d. Let l(k) = 5*k**2 + k + 1. Determine l(d).
23
Let y(t) = 8*t + 8. Let w(b) = 2*b + 2. Let d(p) = 9*w(p) - 2*y(p). Suppose 119*c = c + 76 + 42. What is d(c)?
4
Let o(v) = -v**2 + 5*v - 3. Let f(g) = -g**2 + 2*g + 1. Let b be f(0). Let r be (b/2)/((-6)/(-48)). Suppose 6*a - r*a = 6. What is o(a)?
3
Let z(j) = -23*j + 110. Let t(n) = 390*n - 1885. Let w(r) = -2*t(r) - 35*z(r). Give w(3).
-5
Let f(u) = -68*u**2 + 12*u + 20. Let j(d) = 150*d**2 - 25*d - 42. Let o(v) = -11*f(v) - 5*j(v). Suppose -y - 4*y - 15 = 0. Calculate o(y).
-7
Let i(k) be the first derivative of -k**4/4 - 23*k**3/3 + 9*k - 6443. What is i(-23)?
9
Let y(i) = -7*i**3 + 20*i**2 - 24*i - 46. Let l(c) = -4*c**3 - c - 3. Let m(z) = 2*l(z) - y(z). Determine m(-21).
19
Let c(s) = s - 5. Suppose -y + 106 = -4*d - 307, 1239 = 3*y - 5*d. Suppose 149 = 24*v + y. Determine c(v).
-16
Suppose 9*v = -v - 20. Let y(d) = 6*d**3 + 2*d**2 + 2*d - 1. Let o(x) = -11*x**3 - 4*x**2 - 5*x + 2. Let g(q) = v*o(q) - 5*y(q). What is g(-1)?
7
Let f be 4/(-6)*(243/18 - 12) - 3. Let g(q) be the first derivative of -2*q**2 - 3*q + 3. Let j(s) = 9*s + 7. Let p(l) = 13*g(l) + 6*j(l). Determine p(f).
-5
Let q(n) be the third derivative of -n**5/60 - n**4/24 + 4*n**3/3 + 20*n**2 - 47*n. Let k(r) = -r**2 - 3*r. Let g be k(-3). Suppose -3*c = -g*c. Give q(c).
8
Suppose 2 + 0 = j. Let h(g) = g**2 - 10*g - 4. Let x be h(11). Let z(l) = -2*l**2 - 4 + l**3 + 9 - x. Determine z(j).
-2
Let q(g) = -12*g - 538. Let r be 12 - (-121 + 133)/((-4)/(-19)). Determine q(r).
2
Let y(q) = q**2 - 9*q + 22. Let k be y(4). Let i(x) = 0 + 0 + 86*x**k - 2 - 79*x**2 - x. Calculate i(-2).
28
Let j(i) be the first derivative of -4*i**3 + 11*i**2/2 + 3*i - 3027. Determine j(4).
-145
Let g(c) = 29*c. Let k(q) = -33*q - 1. Suppose -14*p - 135 = 13*p. Let v(d) = p*k(d) - 6*g(d). Determine v(-4).
41
Let t(l) be the first derivative of 3*l - 4 - 5/6*l**3 - 2*l**2. Let f(v) be the first derivative of t(v). Determine f(-3).
11
Let d(i) = -i**2 + 5*i - 2. Let t be d(3). Suppose 14*u - t = 13*u. Let a(x) = 6 + u*x + 0*x**2 - 3 + x**2. Calculate a(-3).
0
Let g(p) = p**2 + 2*p**3 + 1 - 3*p**3 - p - 2. Let i be 105/((-132)/18 + 7). Let r = i - -317. What is g(r)?
-7
Let x(k) be the second derivative of k**4/12 + 17*k**2 + 1176*k. Determine x(0).
34
Let i(s) = 10 + 3*s - 2*s - 2. Let l = -406 + 406. Suppose 416*z - 410*z + 30 = l. What is i(z)?
3
Let t(w) = w - 8. Suppose -4*y = -i, 3*i = 5*i + 4*y - 36. Let g be t(i). Let a be (16/g - 0 - 3)*-1. Let k(c) = 16*c**2. Calculate k(a).
16
Let i(n) = -n**3 - 7*n**2 - n - 5. Let h(g) be the third derivative of -5*g**4/12 + 215*g**3/6 + 238*g**2. Let p be h(22). Calculate i(p).
-50
Let n(r) = 0*r**3 + 66*r - 118*r + 9 - 7*r**2 - 5*r**3 + 58*r + 4*r**3. Calculate n(-8).
25
Let q(n) = -12*n - 3. Let h be q(-1). Suppose 0 = -5*y + 29 - h. Suppose 2*t + 4*i - 2 = 0, 0 = y*t + 4*i - 9 - 7. Let c(s) = -s + 10. Give c(t).
3
Let d(g) = 5*g**3 + 11*g + 102. Let n(j) = 6*j**3 + 11*j + 116. Let i(x) = 5*d(x) - 4*n(x). What is i(-3)?
-14
Let y(h) be the first derivative of 5*h**2/2 - 1. Let f be ((-98)/(-735))/(37/(-555)). Calculate y(f).
-10
Suppose 3*j + 4*r = 21, 4*j - 3*r = 10 - 32. Let m(k) = 0*k - 3*k - 5*k. Calculate m(j).
8
Let b(m) = m**2 + 5*m - 3. Let l be (-5)/((-3)/(-4 + 1)) + 9. What is b(l)?
33
Let o(c) = 20*c + 49. Let t(h) = -21*h - 44. Let l(y) = 4*o(y) + 3*t(y). Determine l(-4).
-4
Let d(a) = a**3 - 22*a + 10. Suppose 4*t + 4*w = 15 - 23, 0 = -4*t + 4*w + 40. Determine d(t).
-14
Let m(z) = z**2 - 84*z + 1659. Let o be m(52). Let j(d) = 2*d**3 + 9*d**2 + 15. Determine j(o).
-10
Let o(y) be the first derivative of y**2/2 - 8*y + 341. Let w be (-3)/(((-3)/10)/((-8)/(-16))). Determine o(w).
-3
Let d(x) = 5*x**2 + x - 1. Let y(u) = -6*u**2 - u + 1. Let g(z) = -5*d(z) - 4*y(z). Let j(p) = 383*p + 2298. Let c be j(-6). Calculate g(c).
1
Let b(f) be the third derivative of -1/2*f**3 + 1/24*f**4 + 0*f - 1/20*f**5 + 0 - 102*f**2. Determine b(3).
-27
Let w(o) = 3*o + 2. Let u = 249 + -247. Suppose 0 = u*p - 5*p. What is w(p)?
2
Let x be (36/(-30))/(2 - (-63)/(-30)). Suppose 0 = 5*c - x*c + 35. Let t(n) = 5*n + 7 - c*n + n. Give t(5).
12
Let g(l) = 3*l**2 + 5*l - 6. Suppo